+ 268 + -250?
-52
Calculate (-7411 - -7405) + (2 - (-12 - 1)).
9
(-32 - 79 - -39) + 5 + -4 + -14
-85
Calculate 1174 - 1161 - (13 + 2).
-2
What is the value of 0 + 31 + -14 + -18 + 2 + (5 - 53)?
-47
What is -24 + -8 + (3 + -2 - (-10 + 13) - -2)?
-32
What is the value of (1630 - 1674) + (-7 - 4)?
-55
Calculate (-80 - -2) + (263 - 114).
71
What is 14468 - 14508 - (-1 - 1 - 0)?
-38
Evaluate -6 + (7 - -71) + -3 + (2 - 0 - -6).
77
16 + -62 - (-106 - -101)
-41
What is the value of 2 + (97 - -5) - (9 - -20)?
75
Calculate -22 + 1853 + -1863 + (1 - (0 - (1 - 2))).
-32
What is (1 + 1 + 14 - (131 + -94)) + -24?
-45
Evaluate 26 + -37 + (16 - 20) - 2.
-17
-53 - (-51 + (-2 - -22) - -25)
-47
What is the value of (-3 - -74) + (161 + -249 - -105)?
88
Calculate (-10 - 21 - -60) + 19.
48
Evaluate 0 - -26 - (-177 + 82 - -52).
69
-55 + 52 - ((27 - -55) + -11)
-74
Calculate 74 + 20 - (16 - (-51 - -15)).
42
What is the value of 4 - (66 + (14 - 37) + (1 - 2) + 0)?
-38
What is the value of (-9 - -2) + (1 - 3) - ((-85 - -39) + 21)?
16
Evaluate -65 - (-38 + 59 + 0).
-86
What is the value of (145 + -124 - (25 - -1)) + (-1 - 65)?
-71
Evaluate -14 + 50 - (168 + -215).
83
What is 11 - (-106 - -78) - (8 + 4 + -8 + 3)?
32
What is the value of 35 - ((-2 - -24) + (301 - 359))?
71
What is the value of (-14 - -13) + -38 + 27?
-12
What is the value of 4 + 2 + (-16 + (0 - -3) - -10) - 67?
-64
What is -394 - -394 - (-2 + 16 + 6)?
-20
What is 44 - (-31 + 41 - -39)?
-5
45 + 24 + 14 + -24 + -15 + -7 + 13
50
Evaluate 29 + -13 + -24 - (-6 - 5) - 17 - -2.
-12
-45 + 0 + (-116 - -117) + -11 + 0
-55
Evaluate 1 - 12 - (-663 - -660).
-8
Evaluate 33 + (3 - (9 - (-3 + 11))) - -10.
45
(9 - (25 - 13)) + (-6 - -21)
12
Evaluate 11 - -74 - (11 + 13 + 5).
56
-1 - ((16 - 7) + -4 - 10)
4
What is (23 - 23) + -5 + 8 + -19?
-16
What is the value of -15 - 0 - 3 - (-580 - -616)?
-54
What is (-10 - (-5 + 1)) + -8 + -17 + (-17 - -14)?
-34
What is the value of -2 + -1 - (-10 - -12 - -40 - 23 - 10)?
-12
Calculate (-508 - -516) + (-4 - (1 + -66)).
69
What is 30 + -4 - (-34 + 71) - 3 - (0 + -27)?
13
What is the value of 31 + -3 + (-55 - -54)?
27
0 + -99 - (48 - (-30 + 60 + -8 - -10))
-115
Calculate (25 + 39 - -20) + -47.
37
What is (-30 - -37) + (1 - 0 - ((-19 - -30) + -15))?
12
Evaluate 18 + (-84 - 7) + 2 + (-10 - 1).
-82
Evaluate (-9 + 24 + 1 - 1) + 12.
27
What is the value of 10 + -21 + (-9 - (-24 + -46))?
50
(-202 - -174) + (-10 - -2)
-36
(5837 - 5858) + 0 + 0 + 15 - 22
-28
6 + -12 - -7 - (21 + -14 - 1)
-5
(67 - (-17 + 65)) + -10
9
Calculate -9 - (0 + -18 + 2) - (-22 - -8).
21
0 + -9 + 2 - (98 + (-206 - -90))
11
-69 + 1 + -1877 + 1985
40
Evaluate 4 - -8 - (20 - -3) - (36 - 2).
-45
Calculate -31 - (-27 + 20 + 5).
-29
What is the value of 7 - (-1 + -4 + -64 + 3) - (11 - 5)?
67
(-56 - -65 - (14 + 1)) + 5 + -14 + 6
-9
-26 - (29 + (-17 + 3 - 1)) - 10
-50
4 + 52 + 7 - (-15 + 9) - 6
63
What is (43 - 8 - (22 - 5)) + -26?
-8
Calculate 103 + (9 - 18) - (18 + -1).
77
Calculate (-1 + 2 - 30) + -35 + 47.
-17
What is the value of 63 + -188 + (10 - -33 - 17)?
-99
Evaluate (-20 + 3 - 3) + 34 + (51 + 4 - -3).
72
What is -13 + -92 + 132 + 117?
144
Evaluate 26 - (37 - 41 - -15).
15
Calculate -25 - (17 - 27 - 9).
-6
Calculate (-4 - (-5 - (10 + -10))) + 246 + -201.
46
Evaluate (1 - 29) + (-15 - 102 - -110).
-35
Calculate (10 - 6 - -33) + (18 - 23).
32
Calculate -10 - (-12 + (-76 - -37)).
41
Calculate 27 + (27 - (43 + -21)).
32
0 - (-12 + (-3 - -9) - -142 - -14)
-150
-7 - -1 - ((6 - 278) + 246)
20
Evaluate 65 - (50 + 29) - (35 - (-2 - (-1 - 0))).
-50
Calculate 75 + -107 + (57 - 68) - (0 + 0 + -5).
-38
Calculate (0 - 0) + (1 - -42) + -213 + 126 + 81.
37
Calculate 12 - (7 + (13 - 12 - -8)) - 21.
-25
Evaluate -28 + (-5 - -60) - 7.
20
What is the value of -10 - (-20 + 4 - (6 + 6))?
18
Calculate (-636 - -589) + 12 + 116.
81
What is (-1 - -2 - -1) + 24 + 8 + 11?
45
18 - (-104 - (152 - 260))
14
What is 103 + (2 - (-3 + -27 + 21 + 1 + 2))?
111
What is the value of (36 + 0 - (32 + -47)) + (3 - 0)?
54
What is -32 - (-18 + -22 + 17 + 8)?
-17
What is -17 - 1 - (-25 + -5 + 61 + -12)?
-37
What is the value of -3 + 7 - (-15 + (-22 - (0 - 9)))?
32
74 + (-24 - (-68 + 38)) + 22
102
-21 - (-18 - (23 + -8 + -24))
-12
-52 - (-47 - -40 - (1 + -8 + (9 - 8)))
-51
Evaluate 34 + -9 + (21 - 49) - (-2 + -2).
1
Evaluate 10 - -2 - (-13 - (-3 + (24 - 30))).
16
(-2 - -28) + 27 - 64
-11
(1269 - 1258) + 32 + 1 + -1 - 11
32
What is 3 + (-18 - -8 - -16)?
9
Evaluate 26 + (-540 - -485) + -1 + 0.
-30
Calculate 31 + -10 - (-24 + 12).
33
What is (304 - 426) + (24 - -140)?
42
Evaluate 35 + -32 + 23 + -4.
22
-6 + 29 - 10 - -15 - -14
42
Calculate -96 - -71 - -28 - (-2 - -13).
-8
Evaluate -3 - (-1 + (-2 - 17) - -16 - (1 - -35)).
37
-3 + 16 - (9 - (9 + -5)) - (-2 - -61)
-51
What is (-48 - (52 - 134)) + -25 + 1?
10
What is (-5 - (-4 - (-2 - -1))) + 1 - (-129 - -67)?
61
Evaluate 38 + 39 + -18 + -102.
-43
(55 - 29) + (-37 - 4) - 5
-20
-79 - (106 - (-99 - -234))
-50
Calculate (3 - -8) + 37 + (-9 - (4 + -1)).
36
Calculate (0 - 8) + (23 - (14 + -4)) + (53 - 1).
57
-10089 + 10053 + (75 - 2 - -2)
39
Calculate 9 - -88 - 98 - (-1 - -1).
-1
What is the value of -10 + (-2 - -5) + (-19 + 11 - 10 - -13)?
-12
1 - (97 - 8) - (-72 + -48 + 101)
-69
What is (-33 - -8) + (-31 - 16) + 63?
-9
Evaluate 24 + (8 - 53) + 54.
33
Calculate 4 - -1 - (69 - -8 - 26).
-46
Evaluate 3 - -26 - 1 - (10 + 19 - 23).
22
28 + (0 - -3) - (-17 - (3 - 12))
39
Calculate (-34 - 3 - -7) + 42 - (62 + 1).
-51
-22 + (82 - -31) + -29
62
Calculate (4 + -4 - 26) + (20 - 13).
-19
(-77 - -100) + -26 + 7 + 1
5
Calculate -35 - (-22 + (21 - 22) + 10).
-22
What is the value of -25 + (1 - 1) + (9 - (-7 - -141))?
-150
-1 + (1 - -13 - (61 - 65) - 6) + 6
17
What is 49 - (-92 + 73) - -32?
100
Calculate 6 - (-2 + (-6 - -5) - (24 + 16)).
49
What is (35 - (88 + -44)) + 38?
29
41 + (-21 + 25 - (-6 + -3)) + -28
26
What is 23 + -8 + (39 - 9) + 0?
45
-19 - -8 - (-142 + 2 + 26)
103
Calculate 23 - ((6 - 17) + 53) - (-51 + 3).
29
What is -18 - (-18 - 10) - (-5 + -19)?
34
Evaluate 0 + (-1 - -12) - (-15 - (24 - 26)).
24
What is the value of -10 + (-465 + 437 - (-20 + 1)) + -3 + -69?
-91
What is the value of -21 + 85 + (13 - 44) - 3?
30
17 + 3 + (-30 - -13) + -38
-35
What is the value of (-1 - -17) + 331 + -358 + 2 + -2?
-11
Evaluate -1 + -3 + 1 + -4631 + 4586.
-48
What is 114 + 18 + -1 + -21 + (-468 - -471)?
113
(119 - 169) + 53 - (68 - ((1 - 4) + 3))
-65
What is the value of -9 + (-48 - -55) + 8 + 1 + -75 + 0?
-68
Evaluate -70 + 66 + 107 - 191.
-88
Calculate -5 + -96 + (-78 - (-48 + -30)).
-101
Calculate 13 + (21 + -6 - 53 - -20).
-5
-27 + (-9 - (19 - 3)) + -6
-58
What is the value of -4 + -22 + (44 - (-2 + -1))?
21
Evaluate -45 - (-30 + 67 + -84).
2
(-7 + -1 - (-2 - -4)) + (-29 - -20) + -38
-57
(-1 - -115) + 19016 + -19123
7
What is the value of 110 + (-3 + -9 - -8) + -18 + 1 + 15?
104
Calculate (29 - 72) + -128 + 69.
-102
Calculate -199 - -223 - (116 + 2 + 3).
-97
Calculate (-13 - -15) + -2 + -8 - (-7 - 3 - -11).
-9
((21 - 30) + -25 - -28) + (0 - 18)
-24
What is -26 - (-10 - 5 - 8 - -50)?
-53
-1558 + 1646 + (-1 - 47)
40
Calculate (-20 + 72 - 23) + -65.
-36
22 - (22 + -23 + (-5 - 42))
70
-18 - (1 + -17 + 37 - 32)
-7
What is the value of -1141 - -1232 - (72 - -3)?
16
What is the value of 5 + 1 + 69 + (-10 - 33)?
32
What is the value of -42 - 1 - (-60 + -87 + 120)?
-16
-37 - (-1 + 68 + -38)
-66
Evaluate -164 + 138 + -4 + (0 - 26).
-56
Calculate 78 + -2 + -23 + -36.
17
42 + -27 + 17 - -8
40
What is (-5 - (13 - (21 + -24))) + 10?
-11
(-3 - -22) + -44 + 7 + -3 - 9
-30
Evaluate (29 - -1) + -643 + 685.
72
Calculate -8436 + 8414 + (1 - 2) + -7.
-30
Evaluate (-2 + 1 - 2 - (-20 + -3)) + 5435 + -5445.
10
Evaluate 35 + (22 - 95) + 41.
3
(-5 + 3 - -20) + -192 + 189 - (1 + -4)
18
Evaluate (-21 - -47 - -11) + 9 + -30.
16
Calculate (-38 - -8) + 77 - 36.
11
Evaluate 51 + (100 - 245) + (1 - -12).
-81
4 + -17 - (11 - (-1 - -18) - 45)
38
Evaluate -173 - -147 - (1 + 13 + 3 + -2).
-41
-2 - 19 - (25 + 1 + -1 + -14)
-32
Evaluate -9 + 40 + (-13 - (-26 + -11)) + -14.
41
39 + -15 + 227 + -201
50
What is 1 - -36 - (-394 + 430) - 92?
-91
What is -10 - (-9 + 13) - ((20 - 37) + (17 - -4))?
-18
(28 - 13) + (-2 + 41 - (18 - 15))
51
Calculate -44 - (-97 - -109 - (15 + 0)) - -15